vided by v(4)?
10
Suppose 0 = -y - 2*u + u + 14, -5*y = -2*u - 70. Let j(p) = -p**2 + 14*p - 7. Calculate the remainder when j(6) is divided by y.
13
Suppose 0 = y - 130 - 11. What is the remainder when y is divided by 24?
21
Suppose -3*h + 2*h = -8. Let j = -555 - -570. What is the remainder when j is divided by h?
7
Suppose 4*n = 2 + 2. Suppose 0*m - 5*m + 4*j + 300 = 0, m = 4*j + 76. What is the remainder when m is divided by 19*n*(1 + 0)?
18
What is the remainder when (1 - -2)*708/18 is divided by 30?
28
Suppose 12*q + 65 = 353. Calculate the remainder when 25 is divided by q.
1
Calculate the remainder when 267 is divided by 2958/66 + (-6)/(-33).
42
Suppose 2*z = -2*z + 124. What is the remainder when z is divided by 11?
9
Suppose 4*f = 280 + 160. What is the remainder when f is divided by 14?
12
Suppose 0*z = -5*z. Suppose z = -2*s + q + 6, 0 = -2*s + 4*q - 5 - 1. What is the remainder when s is divided by 2?
1
Let f(a) = 3*a - 2. Let u be f(2). Suppose v - l - l = 34, 136 = u*v + 2*l. Calculate the remainder when v is divided by 12.
10
Suppose 3*q + 83 - 2 = 0. Let m = -2 - q. Calculate the remainder when m is divided by 14.
11
Suppose 37 = 3*j - 17. Let y = -13 + j. Suppose 2*n - 27 = -y*r - 5, 3*n = -4*r + 19. What is the remainder when r is divided by 2?
0
Let o = -63 - -80. Calculate the remainder when 38 is divided by o.
4
Let v = 2 - -4. Suppose 5*n + 1 = v*n. What is the remainder when 1 is divided by n?
0
Let d be (-5)/(-10)*(-1 + 1). Suppose d = -y - 0*y + 4. Suppose -3*r + 15 = 4*k - 10, 38 = 4*r + 3*k. What is the remainder when r is divided by y?
3
Suppose 3*j - g = -36, -2*g - 50 = 4*j - 4*g. Let c be 6 - 6 - (-2 + 51). Let w = j - c. Calculate the remainder when w is divided by 13.
12
Suppose -2*f - 2*m = -5*f + 51, f - m - 17 = 0. What is the remainder when 50 is divided by f?
16
Suppose -180 + 220 = 4*l. Let m be 0*1/(2*-1). What is the remainder when 1 + (16 - (-2 + m)) is divided by l?
9
Suppose -4*x - 3*m = -60, 2*m = -2*x + 4*x - 44. What is the remainder when 89 is divided by x?
17
Suppose 6 - 14 = -4*h, h - 74 = -3*y. Calculate the remainder when 69 is divided by y.
21
Suppose -s = 4*s + 5. Let m(p) = -17*p + 1. Calculate the remainder when m(s) is divided by 10.
8
Suppose 6*t = 2*t - 32. Let m = 1 - t. What is the remainder when m is divided by 6?
3
Let q(z) = 2*z**2 - 2 + 5*z**2 - 7*z - 3*z**2 - 5*z**2. Calculate the remainder when 7 is divided by q(-6).
3
Suppose 3*h = 2*h + 5*j + 7, -2*h + 2 = 2*j. Suppose h*v - 16 = 18. Calculate the remainder when (2*1)/(2/33) is divided by v.
16
Suppose u - 20 = 8. Suppose 4*s - 40 = 2*q, s = 2*s + 4*q - u. Suppose l + s = 3*l. Calculate the remainder when 10 is divided by l.
4
Let u(y) = 3*y**2 - 4*y - 2*y**2 + 7*y - 1. Let o be u(-4). Suppose -o*j - 2*j + x = -49, 38 = 4*j - 2*x. What is the remainder when 28 is divided by j?
8
Suppose 35*w + 120 = 43*w. Calculate the remainder when 32 is divided by w.
2
Suppose 3*t + 5 = 2*t, -5*j = -t + 320. What is the remainder when 14 is divided by 2/(-8) - j/20?
2
Let x = 65 + -61. What is the remainder when x is divided by 1?
0
Let o(p) be the second derivative of p**5/20 - p**4/3 + p**3/3 + p**2/2 + 2*p. Calculate the remainder when 25 is divided by o(4).
7
Suppose 5*c - 5*p - 38 = 162, -3*c + 138 = 3*p. What is the remainder when c is divided by 15?
13
What is the remainder when ((-30)/7)/((-1)/(-7)*-1) is divided by 8?
6
Suppose w - 132 = -w. Let f = w - 42. Calculate the remainder when f is divided by 13.
11
Let k = 206 + -147. Calculate the remainder when k is divided by 15.
14
Let g be 6*2/4 - 0. Suppose 2*l - 2*a = 12, 4*a + 11 = g. Suppose 2*z + 31 = 2*v + z, 4*z + l = 0. Calculate the remainder when 43 is divided by v.
13
Let j(c) = 14*c - 36. Calculate the remainder when j(8) is divided by 22.
10
Let j = -9 - -6. Let l = 12 + j. Calculate the remainder when 17 is divided by l.
8
Suppose 3*c = 4*q - 180, q + 4*c = 2*c + 56. Calculate the remainder when q is divided by 7.
6
Let z(x) = -x**2 - 17*x - 3. Calculate the remainder when z(-15) is divided by 14.
13
Calculate the remainder when 88 is divided by 117/5 + (-4)/10.
19
Suppose -2 = 2*h, 5*h = -5*y + 4*y + 22. Calculate the remainder when 51 is divided by y.
24
Suppose -4*p - 53 = -l, 4*l - 348 + 136 = -2*p. Calculate the remainder when l is divided by 11.
9
Let i = 20 + -6. Let y = 21 - i. Calculate the remainder when y is divided by 2.
1
Suppose -2*b + 3*j - 11 + 70 = 0, 86 = 3*b - 4*j. Suppose -g - 11 = -2*v - 0*v, 3*v - 15 = 3*g. What is the remainder when b is divided by v?
4
Suppose i + 0*n = -n - 6, 6 = -2*i - 5*n. What is the remainder when ((-48)/(-10))/(i/(-60)) is divided by 19?
17
Suppose -15 = -5*h + 4*k, 3*k = -4*h - 18 - 1. Calculate the remainder when h + 15 - (-2)/(-2) is divided by 8.
5
Let s(i) = -i**2 - 16*i + 9. What is the remainder when 68 is divided by s(-15)?
20
Let d = -45 - -65. Calculate the remainder when 57 is divided by d.
17
Let k(w) = w**3 - w**2 + 4*w - 3. Let s be k(2). Let t = 7 + s. What is the remainder when t is divided by 6?
4
Let t = 4 - 0. Suppose 5*m = 2*x - 19, -4 - 10 = -2*x + t*m. Let o(r) = r**3 + 2*r**2 - 5*r - 2. What is the remainder when 7 is divided by o(x)?
3
Suppose 2*w - 4 = w. Suppose -g = 3, 3*d = -0*d - w*g. Suppose -4*f + 140 = d*q, 4*f + f - 4*q - 148 = 0. Calculate the remainder when f is divided by 11.
10
Suppose -4*t = -5*h - 34, 4*t = t + 4*h + 26. Let u be 4/10 - 159/(-15). Let o = u + -1. Calculate the remainder when o is divided by t.
4
Let r = 4 - 4. Let t(m) = -m**2 - m + 1. Let w(u) = u**2 - 2*u - 1. What is the remainder when w(3) is divided by t(r)?
0
What is the remainder when (-225)/4*(-9)/(54/24) is divided by 12?
9
Let m(l) = 4*l**2 - 4*l. Let y be m(4). Suppose 0*c = -3*f + 5*c + y, 2*c - 80 = -5*f. What is the remainder when f is divided by 6?
4
What is the remainder when 2 is divided by ((-4)/(-8)*-2)/(-1)?
0
Let q(n) = n**2 + 4*n + 5. Suppose -25 = 22*b - 17*b. What is the remainder when 19 is divided by q(b)?
9
What is the remainder when 33 is divided by ((-18)/4)/(39/(-104))?
9
Let v(w) = w**2 - 8*w + 10. Let f(l) be the second derivative of -l**4/12 + l**3 - l**2/2 - 2*l. Let q be f(4). What is the remainder when 5 is divided by v(q)?
2
Let x = -2 + 3. What is the remainder when 65 is divided by (2/(-4))/(x/(-44))?
21
Suppose -2*f - 3*n = -6, 4*n + 0*n = 5*f - 15. Suppose -4*t + f*t = 20. Let v = 29 + t. Calculate the remainder when 25 is divided by v.
7
Let x(a) = -a**2 + 7*a - 9. Let j be x(4). Calculate the remainder when 29 is divided by -8*((-34)/8 + j).
9
Let v(x) be the first derivative of 2*x**3/3 - 7*x**2/2 - x + 1. Calculate the remainder when v(6) is divided by 16.
13
Suppose -5*z + 2*k + 12 = 0, -3*z + 2*k - 5*k = -24. Let q(y) = 3*y**2 - 4*y + 8. Calculate the remainder when 118 is divided by q(z).
38
Let g = 38 + -19. What is the remainder when g is divided by 10?
9
Let s(y) = 2*y**2 + y + 1. Let g = -72 - -114. Calculate the remainder when g is divided by s(3).
20
Let k(z) = z**2 + 3*z - 1. Let b(x) = -x - 6. What is the remainder when b(-9) is divided by k(-4)?
0
Suppose 0 = -m + n, -n = -m + 2*n. Suppose m = -0*u - 5*u - 5. What is the remainder when 44 - 1*0/u is divided by 15?
14
Suppose -2*d = 3*d - 80. Suppose 2*m + 5*f - 60 = -d, 40 = 4*m - 2*f. Let h = 12 - -23. Calculate the remainder when h is divided by m.
11
Suppose 8 = -4*n - 4*y, -5*n + 3*y = y + 3. Calculate the remainder when (n - 1)*(-9 + 2) is divided by 5.
4
Let h(j) = 2*j - 6. Let m be h(5). What is the remainder when ((-59)/(-2))/(m/8) is divided by 15?
14
Let s = -24 + 68. Let x(b) = 2*b**2 - b - 3. Calculate the remainder when (2/(-4))/((-1)/s) is divided by x(3).
10
Suppose -3*x = 2 - 11. Let o = x + 2. Let g = 36 - 22. What is the remainder when g is divided by o?
4
Suppose 0 = 5*z - 0*z - 4520. Suppose 0 = -5*w + z - 4. Suppose 4*p - w = -2*c, -16 = p - 4*c - 70. Calculate the remainder when p is divided by 12.
10
Let o = -1 - 1. What is the remainder when (1 - -3)/o - -14 is divided by 7?
5
Suppose 4*c - 9*p + 4*p - 34 = 0, 3*c - 2*p = 29. Calculate the remainder when 54 is divided by c.
10
Suppose s = 5 + 6. Calculate the remainder when 29 is divided by s.
7
Let l(i) = i**2 - 2*i + 3. Calculate